be the second derivative of -t**3/6 + t**2/2 + 2*t. What are the prime factors of r(-6)?
7
Let d(h) = -h**3 + h**2 - h + 12. Let k be d(0). Let s(u) = 2*u - 6. List the prime factors of s(k).
2, 3
Suppose -2*i - 5*x - 28 = -433, -5*x = -i + 210. List the prime factors of i.
5, 41
Let q = -147 + 238. What are the prime factors of q?
7, 13
Let o = -4 - -4. Suppose o = -2*l - 2*l + 16. What are the prime factors of l?
2
Suppose 0 = 3*g - 4*g + 3. Suppose o - 8 = -g*o. What are the prime factors of o?
2
Let t(r) = -r**2 + 3*r. Let i = 4 + -6. Let s(q) = q**2 - 4*q - 1. Let j(v) = i*t(v) - 3*s(v). What are the prime factors of j(5)?
2
Let w = 11 + -11. Suppose n - 5 = w, 2*a + 4*n - 32 = -2*a. List the prime factors of a.
3
Let b(g) = 10*g - 20. List the prime factors of b(17).
2, 3, 5
Suppose -5*u + 376 = 3*h, -154 = -5*h - 5*u + 456. List the prime factors of h.
3, 13
Suppose 0*i + 5*i = 5. Let u = 17 + i. What are the prime factors of u?
2, 3
Let g(x) = 2*x + 8. Let y be g(-8). Suppose -5*p - 79 = 4*h, 4*p = -5*h - p - 95. Let b = y - h. List the prime factors of b.
2
Let s(p) = -4*p + 1. Let w be s(1). What are the prime factors of -18*(8/3 + w)?
2, 3
List the prime factors of 211/4 + (-6)/8.
2, 13
Let n = 32 - -53. Suppose 15 = 5*g - n. List the prime factors of g.
2, 5
Let v(f) = f**3 - 3*f**2 + 3*f - 8. List the prime factors of v(5).
3, 19
Let z be 0 + 1 - (3 + -1). Let n be (3/6 + z)*0. Suppose n + 2 = s. List the prime factors of s.
2
What are the prime factors of 4*-8*(-75)/60?
2, 5
Let r(z) = -7*z**3 + 8*z**2 + 4*z - 4. Let b(u) = -u**3 + u**2 + u. Let c(t) = 6*b(t) - r(t). List the prime factors of c(3).
19
Let n = -29 + 45. What are the prime factors of n?
2
What are the prime factors of 301 - (5/(-5) + 6)?
2, 37
Let t(p) = -12*p + 18. What are the prime factors of t(-21)?
2, 3, 5
Let l be 19/7 - (-8)/28. Suppose -7 + 49 = l*b. What are the prime factors of b?
2, 7
Let n(v) = v**2 + 9*v - 13. Let q = 14 - 25. List the prime factors of n(q).
3
Suppose 3*l = 15*l - 780. What are the prime factors of l?
5, 13
Let f(y) be the second derivative of -y**6/360 - y**5/15 - y**4/6 + 4*y. Let m(x) be the third derivative of f(x). What are the prime factors of m(-6)?
2
Let p(q) = 29*q - 3. Let f be p(3). Let j = f - 43. List the prime factors of j.
41
Suppose 2*y + 9 = 17. Suppose 3*u - 16 = 11. Suppose 0 = r - y*q, -u = -2*r + 5*q - 0. List the prime factors of r.
2, 3
Let d(q) = q**2 - 7*q + 12. List the prime factors of d(6).
2, 3
Let b(t) = t**3 - 4*t + 3. List the prime factors of b(3).
2, 3
Let i(f) = -f**2 - 7*f + 8. Let w be i(-8). Suppose w = 3*q + 12, -5*d + 21 = 2*q - 26. List the prime factors of d.
11
Suppose 31*m = 34*m - 276. List the prime factors of m.
2, 23
Let y(u) = 69*u + 11. What are the prime factors of y(2)?
149
Let d = 150 + -61. What are the prime factors of d?
89
What are the prime factors of 51/2*64/12?
2, 17
Let t = -40 + 50. List the prime factors of t.
2, 5
Suppose c = g + 4 + 139, -5*c + 711 = -g. List the prime factors of c.
2, 71
Let x(c) = c**2 - 5*c + 1. Let i be x(5). Let s(z) = 42 - 20 + 16*z - 23. What are the prime factors of s(i)?
3, 5
Let w(p) = 8*p**3 + 2*p**2. List the prime factors of w(1).
2, 5
Let j(k) = k + 1. List the prime factors of j(11).
2, 3
Let q(y) be the first derivative of -y**4/4 - 11*y**3/3 - 11*y**2/2 - 7*y + 1. List the prime factors of q(-10).
3
Let m = 35 - -46. What are the prime factors of m?
3
Let o be ((-25)/(-5))/(1 - 0). Let y = o - 1. Suppose -k - y*k + 15 = 0. What are the prime factors of k?
3
Let n be 0/(-4) + (-1 - -4). Let q = 5 - n. What are the prime factors of (12/18)/(q/48)?
2
Let j = -1 - 2. Let r be (8 + j)/(1 - 0). Suppose 0 = -2*g + r*g - 9, 2*k - 5 = g. What are the prime factors of k?
2
Let q(p) = 11*p + 19. List the prime factors of q(7).
2, 3
Let x = -76 - -138. What are the prime factors of x?
2, 31
Suppose 0*q = -3*v - q + 4, -14 = -4*v + 3*q. What are the prime factors of v*(-6)/4 - -19?
2
Suppose -3*k - 4*f = k - 128, -3*k = -5*f - 64. Suppose -6*y + k = -5*y. What are the prime factors of y?
2, 7
Suppose 2*o - 5*b = -0*o, -2*o + 3*b + 4 = 0. Suppose -s + 5*s = q + 18, -5*q + s - 52 = 0. List the prime factors of (-1 - 0)/(o/q).
2
Let x(o) = 53*o**2 - 1. Let p be (-1)/(-2) - (-2)/4. What are the prime factors of x(p)?
2, 13
Suppose 3*i - 1 - 5 = 0. Suppose 55 = -i*r - 3*r. Let o = r + 23. List the prime factors of o.
2, 3
Suppose -49 = -o - 5*v, v = 3*v + 8. What are the prime factors of o?
3, 23
Let z(o) = 2*o**2 + 2*o + 3. List the prime factors of z(-5).
43
Let s(v) = -v + 6. Suppose -n - 3*n - 14 = -2*o, -2*n - 16 = 2*o. Let x be s(n). Let m = 3 + x. What are the prime factors of m?
2, 7
Suppose 20 = 4*v - 0*v. Suppose v*l = -3*o + 56, -5*o + 5*l = 2*l - 150. List the prime factors of o.
3
Suppose -m + 18 + 5 = 0. What are the prime factors of m?
23
Suppose n - 6 = m, 2*n + 3*m = 4*n - 16. Suppose -4*q = -2*q - 2*p - 336, -n*q = -3*p - 340. List the prime factors of q/14 - (-4)/14.
2, 3
Let o = -103 + 148. Let t be (-10)/((-5)/(o/6)). Suppose -3*i + t = -0. What are the prime factors of i?
5
Let p = -77 + 88. List the prime factors of p.
11
Let q = 3 - 12. Let u = -7 + -15. Let v = q - u. What are the prime factors of v?
13
Suppose 2*v = 4 - 0. List the prime factors of 4*v/4 + 7.
3
Suppose -4*q = -2*b - b - 169, 5*b - 4*q + 271 = 0. Let p be (35/(-40))/7 - 567/8. Let t = b - p. List the prime factors of t.
2, 5
List the prime factors of (192/(-18) - -11)/((-2)/(-2346)).
17, 23
Let i = 55 - 92. Let d = 65 + i. What are the prime factors of d?
2, 7
Let j(h) = 2*h**2 + 7*h + 6. Let y = 12 - 17. What are the prime factors of j(y)?
3, 7
Let w(p) = -p**2 - 12*p - 18. Let f be w(-12). Suppose -2*m + 0*m = 424. What are the prime factors of m/f - (-6)/27?
2, 3
Suppose -3*z - 2*y - 33 = 0, -y - 4 = -z - 20. Let g = -9 - z. What are the prime factors of 4/2 + g + -4?
2
Suppose 0*c + 27 = 3*c. List the prime factors of c.
3
Suppose -q - 4*q + 25 = 0, 3*q = -n + 15. Let x = n + 5. Suppose 0 = 2*y + x*h - h - 26, -2*h + 33 = 5*y. What are the prime factors of y?
5
Suppose 0 = -3*i - i + 4. Let z(l) = 5*l - 1. Let t be z(i). What are the prime factors of t + -2 - 0/(-2)?
2
Suppose -u - 96 = -2*u. Suppose -3*h = h - u. List the prime factors of h.
2, 3
Let v = 6 - 8. Suppose -4*q - 15 = q. What are the prime factors of (-24)/v + 2 + q?
11
Suppose 0 = 2*b + a - 4 + 1, 0 = 4*b - 3*a - 21. Suppose -b*q - 24 = 2*q - g, -4*q - g = 12. List the prime factors of 17/5 + q/10.
3
Let y = 556 + -370. List the prime factors of y.
2, 3, 31
Let f = -102 - -210. What are the prime factors of f?
2, 3
Let m = -65 - -92. What are the prime factors of m?
3
Let m(j) = -j**2 - 5*j - 1. Let g(t) = t**2 + 6*t + 1. Let n(x) = -6*g(x) - 7*m(x). What are the prime factors of n(4)?
13
Let x(w) = -9*w + 1. What are the prime factors of x(-5)?
2, 23
Suppose 0 = -4*h - p + 365, 0*p - 383 = -4*h + 5*p. Suppose -2*z + 2*g = 3*g - 44, h = 4*z + g. What are the prime factors of z?
2, 3
Suppose -6*o + o - 5*x = -30, -5*o + x + 12 = 0. Suppose -o*r + 11 = -1. Suppose r*z + 4*j - 8 = z, -2*z = 4*j. What are the prime factors of z?
2
Let m = 33 - 15. What are the prime factors of 20/9 + (-4)/m?
2
Let j(i) = i**3 + 5*i**2 - 11*i - 4. What are the prime factors of j(-5)?
3, 17
Suppose 0 = 3*y + 6, 2*a - 2*y - 8 = -0*y. Let b be (-90)/(-5)*a/4. What are the prime factors of b/(-9) - -14*1?
13
Let l(b) = 5*b + 3. What are the prime factors of l(14)?
73
Let i(x) = 2*x**3 - 5*x**2 - 2*x + 2. What are the prime factors of i(4)?
2, 3, 7
Let v = 52 - 35. List the prime factors of v.
17
Suppose -5 = 4*p - f, 0*p - 4*f + 20 = 2*p. Suppose -a - a = -18. Suppose 3*c - a = -p*c. List the prime factors of c.
3
Suppose -2*j - 4*g + 142 = 0, -2*j - 66 = -3*j + 3*g. Let l = j - 15. List the prime factors of l.
2, 3
Suppose -132 = -2*w - w - 3*o, 4*w - 140 = 5*o. Suppose -3*f + p = -28, 5*p + w = 3*f + p. List the prime factors of f.
2
Let g(y) = -y + 18. List the prime factors of g(13).
5
Suppose -100 = 5*x - 3*x. Let l = -24 - x. What are the prime factors of l?
2, 13
Let k = 5 + -5. Suppose 5*x + k*x = 25. List the prime factors of x.
5
Let h(m) = m**2 + m - 3. List the prime factors of h(2).
3
Suppose 4*v + 3 - 5